{"id":32,"date":"2019-03-15T15:44:51","date_gmt":"2019-03-15T14:44:51","guid":{"rendered":"http:\/\/yyqrzwwvyb.cyon.link\/?page_id=32"},"modified":"2021-12-21T11:10:30","modified_gmt":"2021-12-21T10:10:30","slug":"sektion-gruenden","status":"publish","type":"page","link":"https:\/\/www.svp-international.ch\/de\/ueber-uns\/sektionen\/sektion-gruenden\/","title":{"rendered":"Sektion gr\u00fcnden"},"content":{"rendered":"<div id=\"content\" class=\"span9\">\n<div class=\"blog\">\n<div class=\"items-leading\">\n<div class=\"leading-0\">\n<p>Die SVP International m\u00f6chte auf der ganzen Welt Sektionen gr\u00fcnden. Hierf\u00fcr sind wir jedoch in erster Linie auf Ihre Mitarbeit angewiesen. Auf dieser Seite finden Sie die n\u00f6tigen Unterlagen, um eine Sektion in Ihrem Umfeld gr\u00fcnden zu k\u00f6nnen.<br \/>\nIn jedem Fall bitten wir Sie, sich <strong>mit uns in Verbindung zu setzen<\/strong>, damit wir die Sektionsgr\u00fcndung begleiten k\u00f6nnen. Nur so kann die Sektion offiziell anerkannt werden.<\/p>\n<p><strong>Was Sie f\u00fcr eine eigene Sektion brauchen:<\/strong><\/p>\n<ul>\n<li>mehrere interessierte Leute mit SVP-Gedankengut<\/li>\n<li>R\u00e4umlichkeit in Ihrer N\u00e4he f\u00fcr Sitzungen und andere Treffen<\/li>\n<li>etwas Zeit und Wille,\u00a0sich zum Wohle der Schweiz zu engagieren<\/li>\n<\/ul>\n<p><strong>Was wir Ihnen zur Verf\u00fcgung stellen:<\/strong><\/p>\n<p><a href=\"https:\/\/www.svp-international.ch\/de\/wp-content\/uploads\/sites\/27\/Entwurf_Statuten_Landessektionen.doc\" target=\"_blank\" rel=\"noopener\"><strong>Vorlage f\u00fcr eigene Statuten<\/strong><\/a><br \/>\n<a href=\"https:\/\/www.svp-international.ch\/de\/wp-content\/uploads\/sites\/27\/Beitrittsgesuch_SVP_International_Sektionen.doc\" target=\"_blank\" rel=\"noopener\"><strong>Vorlage f\u00fcr ein Beitrittsformular<\/strong><\/a><br \/>\n<a href=\"https:\/\/www.svp-international.ch\/de\/wp-content\/uploads\/sites\/27\/Vorlage_Protokoll.doc\" target=\"_blank\" rel=\"noopener\"><strong>Vorlage f\u00fcr ein Sitzungsprotokoll<\/strong><\/a><br \/>\n<a href=\"https:\/\/www.svp-international.ch\/de\/wp-content\/uploads\/sites\/27\/SVP_international_schw-quali_cmyk.jpg\" target=\"_blank\" rel=\"noopener\"><strong>Logo der SVP International<\/strong><\/a><br \/>\n<a href=\"http:\/\/svp-international.ch\/pdf\/flyer_svp_international_de.pdf\" target=\"_blank\" rel=\"noopener\"><strong>Flyer der SVP International<\/strong><\/a><\/p>\n<p>Gerne k\u00f6nnen Sie auch\u00a0SVP International-Flyer oder Abstimmungsmaterial in Papierform bei uns bestellen.<\/p>\n<p><strong>Bei Fragen k\u00f6nnen Sie sich jederzeit an uns wenden.<\/strong><\/p>\n<\/div>\n<div class=\"clearfix\"><\/div>\n<\/div>\n<div class=\"clearfix\"><\/div>\n<\/div>\n<\/div>\n","protected":false},"excerpt":{"rendered":"<p>Die SVP International m\u00f6chte auf der ganzen Welt Sektionen gr\u00fcnden. Hierf\u00fcr sind wir jedoch in erster Linie auf Ihre Mitarbeit angewiesen. Auf dieser Seite finden Sie die n\u00f6tigen Unterlagen, um eine Sektion in Ihrem Umfeld gr\u00fcnden zu k\u00f6nnen. In jedem Fall bitten wir Sie, sich mit uns in Verbindung zu setzen, damit wir die Sektionsgr\u00fcndung [&hellip;]<\/p>\n","protected":false},"author":22,"featured_media":0,"parent":22,"menu_order":0,"comment_status":"closed","ping_status":"closed","template":"","meta":{"footnotes":""},"class_list":["post-32","page","type-page","status-publish","hentry"],"_links":{"self":[{"href":"https:\/\/www.svp-international.ch\/de\/wp-json\/wp\/v2\/pages\/32","targetHints":{"allow":["GET"]}}],"collection":[{"href":"https:\/\/www.svp-international.ch\/de\/wp-json\/wp\/v2\/pages"}],"about":[{"href":"https:\/\/www.svp-international.ch\/de\/wp-json\/wp\/v2\/types\/page"}],"author":[{"embeddable":true,"href":"https:\/\/www.svp-international.ch\/de\/wp-json\/wp\/v2\/users\/22"}],"replies":[{"embeddable":true,"href":"https:\/\/www.svp-international.ch\/de\/wp-json\/wp\/v2\/comments?post=32"}],"version-history":[{"count":4,"href":"https:\/\/www.svp-international.ch\/de\/wp-json\/wp\/v2\/pages\/32\/revisions"}],"predecessor-version":[{"id":987,"href":"https:\/\/www.svp-international.ch\/de\/wp-json\/wp\/v2\/pages\/32\/revisions\/987"}],"up":[{"embeddable":true,"href":"https:\/\/www.svp-international.ch\/de\/wp-json\/wp\/v2\/pages\/22"}],"wp:attachment":[{"href":"https:\/\/www.svp-international.ch\/de\/wp-json\/wp\/v2\/media?parent=32"}],"curies":[{"name":"wp","href":"https:\/\/api.w.org\/{rel}","templated":true}]}}

Sektion gründen

<div id="content" class="span9">
<div class="blog">
<div class="items-leading">
<div class="leading-0">
<p>Die SVP International möchte auf der ganzen Welt Sektionen gründen. Hierfür sind wir jedoch in erster Linie auf Ihre Mitarbeit angewiesen. Auf dieser Seite finden Sie die nötigen Unterlagen, um eine Sektion in Ihrem Umfeld gründen zu können.<br />
In jedem Fall bitten wir Sie, sich <strong>mit uns in Verbindung zu setzen</strong>, damit wir die Sektionsgründung begleiten können. Nur so kann die Sektion offiziell anerkannt werden.</p>
<p><strong>Was Sie für eine eigene Sektion brauchen:</strong></p>
<ul>
<li>mehrere interessierte Leute mit SVP-Gedankengut</li>
<li>Räumlichkeit in Ihrer Nähe für Sitzungen und andere Treffen</li>
<li>etwas Zeit und Wille, sich zum Wohle der Schweiz zu engagieren</li>
</ul>
<p><strong>Was wir Ihnen zur Verfügung stellen:</strong></p>
<p><a href="https://www.svp-international.ch/de/wp-content/uploads/sites/27/Entwurf_Statuten_Landessektionen.doc" target="_blank" rel="noopener"><strong>Vorlage für eigene Statuten</strong></a><br />
<a href="https://www.svp-international.ch/de/wp-content/uploads/sites/27/Beitrittsgesuch_SVP_International_Sektionen.doc" target="_blank" rel="noopener"><strong>Vorlage für ein Beitrittsformular</strong></a><br />
<a href="https://www.svp-international.ch/de/wp-content/uploads/sites/27/Vorlage_Protokoll.doc" target="_blank" rel="noopener"><strong>Vorlage für ein Sitzungsprotokoll</strong></a><br />
<a href="https://www.svp-international.ch/de/wp-content/uploads/sites/27/SVP_international_schw-quali_cmyk.jpg" target="_blank" rel="noopener"><strong>Logo der SVP International</strong></a><br />
<a href="http://svp-international.ch/pdf/flyer_svp_international_de.pdf" target="_blank" rel="noopener"><strong>Flyer der SVP International</strong></a></p>
<p>Gerne können Sie auch SVP International-Flyer oder Abstimmungsmaterial in Papierform bei uns bestellen.</p>
<p><strong>Bei Fragen können Sie sich jederzeit an uns wenden.</strong></p>
</div>
<div class="clearfix"></div>
</div>
<div class="clearfix"></div>
</div>
</div>

<p>Die SVP International möchte auf der ganzen Welt Sektionen gründen. Hierfür sind wir jedoch in erster Linie auf Ihre Mitarbeit angewiesen. Auf dieser Seite finden Sie die nötigen Unterlagen, um eine Sektion in Ihrem Umfeld gründen zu können. In jedem Fall bitten wir Sie, sich mit uns in Verbindung zu setzen, damit wir die Sektionsgründung [&hellip;]</p>
